+ -298. Let h = 401 + w. What is the greatest common factor of h and 39?
39
Suppose -78 + 90 = 4*f. Suppose -3*v - 3*a - 2*a + 66 = 0, -5*v = f*a - 110. Calculate the greatest common factor of v and 154.
22
Let c be 6 + -3*18/6. Let o be 51 - (-4 - 27/c). Calculate the greatest common divisor of 368 and o.
46
Let k be (3 + 23)/((-4)/((-6)/3)). Suppose 0*z - 2*z - 5*r = k, 2*r + 10 = 4*z. What is the highest common factor of z and 18?
1
Let a = 0 + 2. Let h(r) be the third derivative of r**4/8 - r**3/6 + 3*r**2 - 124*r. Let v be h(a). What is the highest common divisor of 5 and v?
5
Suppose -4*d - 19920 = -13*d - 15*d. Calculate the highest common divisor of d and 4.
2
Let l = -1551 - -2703. What is the greatest common factor of l and 27?
9
Let p be (350/28)/(4/9736). Calculate the highest common factor of 50 and p.
25
Let h = 301 + -297. Suppose 3*x = a - 15, 121 = h*a + 2*x - 9. Calculate the highest common divisor of 50 and a.
10
Suppose -38*f - 288 = -42*f. Suppose -2*j + 5*k - 46 - 459 = 0, -3*j - 810 = 3*k. Let m = -157 - j. Calculate the highest common factor of f and m.
36
Suppose -4*v - 884 = -3*y + 926, 0 = y + 4*v - 566. Calculate the greatest common factor of y and 234.
18
Let v be (-5 + 4/4)/(-4) + (58 - -1). Calculate the highest common divisor of 5340 and v.
60
Let n = 4465 + -4450. Suppose 750 = 4*v + 3*o - 0*o, o = -5*v + 932. Let w = -51 + v. Calculate the greatest common factor of n and w.
15
Let m be 15379/338*36/7. What is the greatest common divisor of 27 and m?
9
Let c be (240/(-56))/15 - 16/(-7). Suppose 5*x - 291 = -5*d + c*d, 4*d = 4*x - 252. Calculate the highest common divisor of x and 105.
15
Let o be -4 - (-6 - 109) - (22 - 17). What is the highest common divisor of o and 13462?
106
Let x = 356 + -365. Let o(r) = -r**2 - r + 34. Let l be o(0). Let z = l + x. Calculate the highest common factor of z and 10.
5
Let i be -2 + 7 + 7/(-1) + 8. Let q be (-70 + 910)*2/i. What is the greatest common factor of 175 and q?
35
Suppose 15*b + 598 = 4*t + 12*b, -t - b = -146. Calculate the greatest common factor of 34484 and t.
148
Suppose 0 = -4*n - 7*g + 360, 6*g - 360 = -4*n + g. What is the highest common divisor of n and 2880?
90
Suppose 80*f - 82*f + 608 = 0. Let q be f/(-114)*(-138)/4. What is the greatest common factor of q and 138?
46
Suppose 715 = 48*b - 677. Calculate the highest common factor of 2030 and b.
29
Let v be (-414)/(-22) + 4/22. Suppose 3*w + 2*w = -3*q + 20, -w = -4*q + v. What is the greatest common divisor of 1 and w?
1
Let m(z) = -10*z + 89. Let l be m(9). Let d be l - -21 - (-5)/((-15)/6). Calculate the greatest common factor of d and 9.
9
Suppose 131 + 509 = 10*v. Suppose 0 = -3*f - z + 192, -4*f + 3*z = -8*f + 256. Suppose -v = 60*r - f*r. Calculate the highest common divisor of 2 and r.
2
Suppose -132*x + 485 = -127*x. Let v be -1 + (17/(-102) - x/(-6)). What is the greatest common divisor of 345 and v?
15
Let n = 36 + -36. Let o be 22 + (n/3 - (-4 + 1)). Suppose -1 = 3*p - o. Calculate the greatest common divisor of p and 2.
2
Let x(g) = -2*g**3 - 6*g**2 + 118*g + 734. Let a be x(-7). Let z = 64 - 40. What is the highest common divisor of a and z?
12
Let d = -107 + 119. Let u(l) = -l**3 + 14*l**2 - 13*l + 20. Let n be u(d). Calculate the highest common divisor of 19 and n.
19
Suppose 3*b = -3*x + 96, 0 = 3*b - 1 - 11. Let d be (-589633)/(-726) - (-2)/(-12). What is the highest common factor of d and x?
28
Let v = 151 - 79. Suppose x + 3*x = 4*p - 56, -4*p = 4*x - v. Let f = 109 - 77. What is the highest common divisor of p and f?
16
Suppose 5*k = 6*k - 15. Let v(o) = -o**2 + 28*o - 53. Let f be v(26). Let b(m) = -6*m + 9. Let a be b(f). What is the highest common divisor of a and k?
15
Let s(p) = -2*p**2 - 36*p - 22. Let n be s(-11). Suppose 7*u = -15*u + n. Calculate the highest common divisor of u and 102.
6
Suppose 0 = -5*y + y + 364. Suppose -52 = -5*a + a. Let o be a - (-4)/(-16)*0. What is the highest common factor of o and y?
13
Suppose r - 5*f - 1 = -5, -f = 4*r - 26. Suppose -4*a - a + 15 = 0. Suppose -5*y = s - 49, 2*s - 11 = -a. What is the greatest common divisor of y and r?
3
Let d = 94 + -94. Suppose d = 4*v + 5*v - 108. What is the greatest common divisor of v and 24?
12
Suppose -207 = -2*s + 6*k - k, -s + k = -108. Suppose 57*f - 135*f + 2886 = 0. Calculate the highest common factor of f and s.
37
Let v be (-2211)/(-15) + (-12)/30. Suppose -5*p = -5*k + 950, 16*k = 11*k + 4*p + 949. Calculate the highest common divisor of v and k.
21
Let r(i) = -778*i - 11981. Let w be r(-18). Calculate the greatest common factor of 153 and w.
17
Let c be ((-13774)/970)/(3/(-225)). What is the greatest common factor of 1491 and c?
213
Suppose 0 = -8*c + 1334 - 1062. Suppose 46 = a - c. What is the greatest common divisor of a and 880?
80
Let h = -323 - -326. Suppose -23*c = -21*c + 5*g - 35, -g + h = 0. What is the highest common factor of 20 and c?
10
Suppose -5*u + 9708 = 2*j, j - 1938 = -u - 0*u. Calculate the highest common divisor of 24 and u.
24
Let c(n) = 5*n**2 + 53*n + 474. Let q be c(-14). What is the greatest common factor of 8 and q?
8
Suppose 269*x = -1461828 + 6450914 + 1493814. Calculate the highest common factor of 100 and x.
100
Suppose -5*g + 0 + 0 = 0. Suppose -4*i - 18 = -2*n + n, g = 5*n - 4*i - 90. What is the greatest common factor of n and 288?
18
Suppose 2*q + d - 7 = 0, 5*q = 4*d + 47 + 3. Let p(g) = -3 + 11 + g + 6 + q*g**2 - g**3 + 0*g. Let t be p(6). Calculate the highest common divisor of t and 40.
20
Let t = -915 - -727. Let n = t + 192. Calculate the greatest common divisor of 10 and n.
2
Let x(u) = u**3 - 3*u**2 + 11*u + 13. Let o be x(6). Suppose -3*k + 3*c - 5*c = -110, -5*k + c + 166 = 0. What is the greatest common factor of o and k?
17
Suppose 240 = 4*w - 4*o, 40 = 3*w + 4*o - 182. Calculate the highest common divisor of 12606 and w.
66
Let c = -15719 - -16415. What is the greatest common divisor of 228 and c?
12
Let u(p) = 2*p**2 - 12*p + 2. Let d be u(6). Let s = -46 - -48. Suppose -4*w = -2*y + 200, 175 = s*y + d*w - w. What is the highest common factor of 10 and y?
10
Let x be ((-2)/(-4))/((-2)/(-12)). Suppose 704 = -x*z - 5*z. Let k = -81 - z. What is the greatest common divisor of k and 77?
7
Let p(c) = 8*c + 515. Let q be p(-19). Calculate the highest common divisor of 121 and q.
121
Let i(a) = 65*a - 185. Let u(t) = -33*t + 90. Let g(c) = 2*i(c) + 5*u(c). Let k be g(2). What is the greatest common divisor of k and 10?
10
Suppose 23*j = 4*j + 95. Suppose j*l - 3*y = 18 + 57, 0 = -4*l - y + 43. Calculate the greatest common factor of l and 30.
6
Suppose 3*t - 2*s = 2*s + 903, 3*t - s - 912 = 0. Let h = -2855 - -2860. What is the highest common divisor of h and t?
5
Suppose -16*b + 3*j = 8*b - 4938, 2*j + 217 = b. Calculate the greatest common factor of 1312 and b.
41
Let a = -3064 - -4524. What is the highest common divisor of 40 and a?
20
Suppose 0 = 7*w - 9*w + 18. Let y be 4/(8/(-2)) - 59. Let u = -42 - y. What is the highest common factor of w and u?
9
Suppose 10*z + 16*z - 23*z = 18. Let c = 2 - -184. What is the highest common factor of c and z?
6
Let y be (-10)/(-3 + (-1)/(-2)). Let t be (-6)/y*(2 - 948/18). Let l be 19*1 - 0/(-2). What is the highest common factor of l and t?
19
Suppose -x = -2*q - 2, 11 = -3*q - 2*x - 6. Let j be (8/(-6))/((-2)/q) - -5. What is the highest common divisor of 111 and j?
3
Suppose 3*p = 6, f - 3*f + p = -648. Suppose -68*i - f = -73*i. Calculate the greatest common divisor of i and 5.
5
Let z = 332 - 154. Let s = -130 + z. What is the greatest common divisor of 176 and s?
16
Suppose 27*w - 154 = 656. Let i(u) = u**2 - 28*u - 10. Let p be i(w). What is the greatest common divisor of p and 550?
50
Suppose 2*u + 1732 = 3*p, -688 + 3020 = 4*p + 3*u. Let m = 932 - p. Let w = 55 + -23. What is the highest common factor of w and m?
32
Let a(p) = -6*p + 37. Let l be a(5). Suppose 3*z + 5*x - 6 = 0, -3 = 2*z - 2*x - 7. Calculate the highest common divisor of l and z.
1
Suppose 76*c - 70*c = 480. Let u be (c/(-100))/(3/(-15)). What is the highest common factor of 8 and u?
4
Let a(p) = 49*p - 6. Let m be a(-5). Let t = m - -619. What is the greatest common factor of t and 16?
16
Suppose 0 = -40*f + 41*f - 232. Let y = 283 